17*a(y) + 6*u(y). Determine t(1).
-2
Let x(j) = -j**2 - 5*j**2 - 6*j + 5*j**2 + 1. Let v = 3 - 6. Give x(v).
10
Let q(h) = -5*h**2 + h**3 - 6*h**3 + 4 + 4*h**3 - h. Let p be -5 - (-1 + -2) - -4. Suppose 6*d - i = p*d - 16, -3*d + i - 12 = 0. Determine q(d).
-8
Let d(j) be the second derivative of j**5/20 + j**4/3 - j**3/6 - 2*j**2 + 10*j. Give d(-4).
0
Suppose 2*w - f - 3*f - 28 = 0, -w = -5*f - 26. Let t(b) = b**2 - 4*b - 1. Determine t(w).
11
Let w(f) = -2*f**2 + 14*f - 19. Let z(n) be the second derivative of n**4/12 - 7*n**3/6 + 5*n**2 + 5*n. Let i(m) = 4*w(m) + 7*z(m). Calculate i(4).
6
Suppose -40 = -p + 5*y, -4*y + 5 = 2*p + y. Let f = -11 + 16. Suppose f*g + p = -0*g. Let o(b) = -3*b - 3. Calculate o(g).
6
Suppose -5*s + 0 = 5. Let n = 2 - s. Let f = -4 + n. Let u(h) = -h - 1. Determine u(f).
0
Let s(q) = 2*q - 4. Suppose 5*f = -4*z + 20, -4*f - 5*z + 20 = 4. Suppose 4*n = 2*p - 1 - 7, 5*p - f*n = -4. Calculate s(p).
-12
Let l(r) = -r**2 + r - 6. Suppose 4*o - 125 = -5*s, -5*o - 4*s + s = -140. Suppose 5*d + o = -2*k, -2*k + 4*d + 15 + 5 = 0. Give l(k).
-6
Let a(z) be the third derivative of -z**7/2520 + z**6/144 + z**5/24 + z**4/24 - 4*z**2. Let j(c) be the second derivative of a(c). Calculate j(6).
-1
Let u(a) be the first derivative of a**4/12 - a**3/6 + 2*a**2 + 3. Let p(c) be the second derivative of u(c). Give p(-1).
-3
Let g(k) = k**2 + k. Let m(q) = -4*q**3 - q**2 - q. Suppose j = -o - 2, 4*j - 6 + 0 = 3*o. Let s(c) = o*g(c) - m(c). What is s(-1)?
-4
Let s be ((-2)/(-6))/((-2)/(-12)). Suppose 0 = -s*a + a. Let o(w) = -2*w + a + w - 2. Determine o(-3).
1
Let a(t) be the second derivative of -2*t**2 - 1/6*t**4 + 0 - 2*t + 5/6*t**3. Calculate a(3).
-7
Let j(i) be the first derivative of 3*i**2/2 - 5*i - 17. Let d(q) = q - 3. Let u be d(7). Give j(u).
7
Suppose 5*w - 17 = -5*r + w, 3*r = 3*w + 21. Let l(p) = p**3 - 7*p**2 + 7*p - 3. Give l(r).
-18
Let f(o) = 5 + o + 0 + 0*o - 3*o. Let m be f(4). Let g(l) = -l**3 - 3*l**2 - 2*l + 1. Determine g(m).
7
Let w(v) = -v - v**2 - v + 2*v + 2*v. Give w(3).
-3
Let t(b) be the third derivative of 0 - 1/60*b**5 + 10*b**2 + 5/6*b**3 + 1/24*b**4 + 0*b. Suppose -3*n = 2*n. Calculate t(n).
5
Suppose 10*a = -4*a + 84. Let g(l) be the third derivative of -l**3 - 1/120*l**a + 0*l + 0 + 1/12*l**4 + 1/12*l**5 + 2*l**2. What is g(5)?
4
Let a(c) = -c + 11. Let s(z) = -z + 16. Let g(w) = 7*a(w) - 5*s(w). Let o = 2 - 5. Determine g(o).
3
Let b(c) be the third derivative of c**4/24 + c**3/6 + c**2. Let t = -9 + 12. Give b(t).
4
Let c(k) = k**2 - 2*k + 1. Let f = 54 - 34. Suppose -2*o = 3*o - f. Calculate c(o).
9
Let s(m) = 2*m + 3. Let p(o) = -3*o - 4. Let y(j) = 3*p(j) + 4*s(j). Suppose -5*v = -2*v - 0*v. Let l be y(v). Let g(i) = -i. Calculate g(l).
0
Suppose 0 = 6*h + 15 - 33. Let r(m) = 3*m + 2*m**2 - 4*m - m**3 + 2*m + 3. What is r(h)?
-3
Let n = 47/2 - 23. Let r(q) be the first derivative of n*q**2 - 8/3*q**3 - q + 2. Determine r(1).
-8
Let y(d) be the second derivative of d**5/20 - 2*d**4/3 + 11*d**2/2 + 33*d. Determine y(8).
11
Let x(d) = -d**3 - 3*d**2 - 2*d + 6. Let t be 10/15 - 15/9. Let r(c) = -c + 1. Let w(g) = t*x(g) + 5*r(g). Give w(-3).
8
Let m(h) = h**3 + 6*h**2 + 2*h + 4. Suppose -15*l - 89 - 1 = 0. Give m(l).
-8
Let n(a) = -a**2 - 4*a. Let q be n(-3). Let g(o) = o**2 - 4*o**3 - 1 + 14*o**q - 2*o**2 + 2*o. Calculate g(1).
10
Let q be 15/10*1*2. Let w(y) = y**2 - 2*y. Let h be w(q). Let m(o) = -6*o**2 + 0 + 6*o + o**3 - 1 - o**3 + o**h. Calculate m(5).
4
Let j(b) be the third derivative of 1/24*b**4 + 0 - b**2 + 0*b + 0*b**3. Calculate j(-2).
-2
Suppose 0 = -h + 5. Let r(n) = -8*n**2 + 2 + 6*n**2 - 6*n - 2*n**2 + n**3. Calculate r(h).
-3
Let m(a) = 23 - 10 - 9 - a - 13. Let s = 0 + -2. Let j be s - (0 + 0) - 2. What is m(j)?
-5
Let d(h) = 4*h**2 - 5*h + 2. Let t(p) = p**2 - p - 1. Let b(j) = d(j) - 5*t(j). Let l be (1 + -1)/(-2)*1. Determine b(l).
7
Let l(r) = -r + 1. Let t(y) = -4*y - 20. Let w be t(-7). What is l(w)?
-7
Let c(o) = -o**3 - 6*o**2 + 5*o + 16. Let q(i) = -i**3 - 7*i**2 + 6*i + 17. Let l = -13 - -8. Let u(p) = l*q(p) + 6*c(p). Give u(0).
11
Let t(f) = f - 1. Let o(c) = -c**3 + 2*c**2 + 2*c + 1. Let z be o(3). Determine t(z).
-3
Suppose -4*j = -7 - 5. Let k = j - -4. Let z be 69/21 + (-2)/k. Let d(v) = -v**2 + 4*v - 3. What is d(z)?
0
Let d(b) = 4*b**3 + 2*b**2 - 2*b + 1. Let a(y) = -2*y + 13. Let k be a(6). Calculate d(k).
5
Suppose 2*v - v = -2. Let p be (v/4)/(1/(-6)). Let l(i) = i**2 - 2*i + 4. Determine l(p).
7
Let s(q) = -q**2 + q - 1. Let c(k) = 12*k**2 - 5*k + 2. Let p(f) = -c(f) - 6*s(f). Let v(l) be the first derivative of p(l). What is v(1)?
-13
Suppose 5*t = -0*t + 25. Let n(r) = -5 + r**3 + 3 - 6*r**2 - 5 + 6*r. Determine n(t).
-2
Let r(p) = 1 + 2*p + 5*p - p - 3*p - p**3 + 3*p**2. Determine r(4).
-3
Let m(i) = -i**2 - 14*i - 33. Let x be m(-11). Let v(r) = -r**3 + r**2 - 2. What is v(x)?
-2
Let x be -2 - 3/(-1)*1. Let q(s) be the first derivative of -x - 2*s - 3/2*s**2 - 1/3*s**3. Give q(-3).
-2
Let p(z) = -5*z**2 + z - 1. Let t(r) = -r**2 + 12*r + 1. Let j be t(12). Determine p(j).
-5
Let k be -2*(9/(-2) - -2). Let c(y) = k*y**2 + 1 + 0 + 3*y**2 + 2*y. Determine c(-1).
7
Let f(w) = w**2 + 3*w + 3. Suppose -k = 4*s + 4*k - 8, s + 2*k = 5. Let r = 0 + s. What is f(r)?
3
Let p(w) = -w**3 - 5*w**2 - w - 1. Let b = -4 - -1. Let r = -2 + b. Give p(r).
4
Let a(b) = 4*b - 2. Suppose -119 + 127 = 4*o. Give a(o).
6
Let d(g) = -5*g - 2. Suppose 9 + 45 = 3*b + 3*k, 2*k - 8 = 0. Let s be (-1 - 2)*b/21. Give d(s).
8
Let s(u) = -1. Suppose 15 = -t + 3*w, -5*t - 39 = 2*w - 5*w. Let x(l) = -l - 1. Let n(p) = t*s(p) + 5*x(p). Calculate n(2).
-9
Suppose 3*w - 2 = -4*o, 3*o - w + 2*w - 4 = 0. Let g(f) = -1 + 7*f**2 - 9*f**2 + f**3 + 2*f - 2*f**2. Calculate g(o).
-5
Let m be 1/(-1)*1*5. Let c(r) = r - 15*r**2 + 16*r**2 + 4 + 6*r. Calculate c(m).
-6
Let j(m) = -m**2 + 3*m + 3. Let q be (0 + -1)*0/14. Suppose -3*s + 7*s - 4*a + 8 = 0, -4*s - 2*a - 8 = q. Determine j(s).
-7
Suppose -c + 5*c = -20. Let l(h) = 0*h**3 + 10 + 6*h**2 - 2 + 2*h**3. Let b(t) = 3*t**3 + 11*t**2 + t + 15. Let p(v) = c*l(v) + 3*b(v). What is p(4)?
1
Let i(d) be the third derivative of 0 + 0*d + 0*d**3 - 1/12*d**4 + 4*d**2. Give i(2).
-4
Let u(k) = k + 4. Let s(a) = -a - 3. Let l(x) = 5*s(x) + 4*u(x). What is l(2)?
-1
Let k(c) = -6 + 6*c - 3*c - 5*c. Suppose 15*o - 12 = 18*o. What is k(o)?
2
Suppose -9 - 3 = 3*n. Let u(d) be the second derivative of 5/12*d**4 - 2*d - 1/2*d**2 + 0 + 1/20*d**5 + 1/2*d**3. Determine u(n).
3
Suppose -4*b - b = -35. Suppose 1 - b = 3*m. Let x(v) = 3*v - 2. What is x(m)?
-8
Let n = -32/3 + 11. Let q(b) be the first derivative of 1/2*b**2 - 2 - n*b**3 + b. What is q(3)?
-5
Let w be 4/14 + 48/28. Let l(k) = 2*k + 2. Determine l(w).
6
Let a be ((-10)/(-4))/((-1)/2). Let q(l) = -l**2 - 7*l + 2. Determine q(a).
12
Suppose 0 = -4*l + 20, -5*i - 4*l = 3 + 2. Let k(p) = p**2 + 3*p - 5. What is k(i)?
5
Suppose -2*c - 5*x + 2 + 13 = 0, -3*c + 4*x = -11. Let v(j) = -2*j + 6. What is v(c)?
-4
Let i(g) = 21*g - 8 + 19*g - 32*g - g**3 + 5*g**2. Give i(6).
4
Suppose 2*v = -9 + 23. Let l(h) = h**2 - 5*h - 9. Calculate l(v).
5
Suppose 3*p = -p - 4. Let y(m) be the second derivative of 0 - m + 1/2*m**2 - 2/3*m**3. Determine y(p).
5
Let p(a) = -4*a + 1. Suppose -4 = -4*x, 0*x - 3*x + 12 = 3*u. Suppose -l - u - 3 = 0. Let n be ((-9)/l)/(3/4). What is p(n)?
-7
Let p(t) be the third derivative of -1/2*t**3 + 1/24*t**4 + 0*t + 0 + 4*t**2. Give p(6).
3
Let c(b) = -b**2 - b + 3. Let u be c(0). Let q(n) = 4*n**2 - 2 - u*n + 6*n + 6*n - n**3 - 4*n. Give q(5).
-2
Let b(j) be the third derivative of j**6/360 - j**5/60 + j**4/6 + j**3/2 - 3*j**2. Let n(w) be the first derivative of b(w). Calculate n(3).
7
Let z(x) = 5*x**2 + 3*x - 3 + 0*x**3 + 0 + x**3. Let m be z(-4). Let v(o) = o**2 + 2*o**2 + m + 4*o + 2. What is v(-2)?
7
Let k(t) be the third derivative of t**5/60 - t**4/3 - 2*t**3 + 3*t**2. Give k(10).
8
Let f(l) be the first derivative of 2 + 1/4*l**4 + 4/3*l**3 + 0*l + 1/2*l**2. Give f(-3).
6
Let f(l) = 7*l + 3*l**2 - 2396 - 5*l**2 + 2394. Determine f(5).
-17
Let z(v) be the first derivative of v**4/4 - 3*v**3 + 9*v**2/2 - 6*v + 21. Calculate z(8).
2
Let i(s) be the first derivative of s**4/12 - 3*s**2/